 k be 4*(45/(-6) + (-8)/16). Let x = m - k. Calculate the highest common factor of 8 and x.
8
Let h = 3 - 0. Let l = 218 + -211. What is the highest common factor of l and h?
1
Let b = 769 - 728. What is the greatest common factor of b and 123?
41
Let p(o) = -46*o - 58. Let f be p(-6). Let y = -148 + f. Calculate the greatest common divisor of y and 105.
35
Let f = -2563 - -2827. Calculate the highest common factor of f and 72.
24
Let u = -175 - -189. What is the greatest common factor of u and 91?
7
Suppose -2*w - 448 = -l + 2*w, -4*l + 3*w + 1740 = 0. What is the greatest common divisor of 81 and l?
27
Let w(c) = 235*c**3 + c**2 + 20*c - 21. Let q be w(1). Calculate the greatest common factor of 47 and q.
47
Let n(h) be the first derivative of h**3/3 - h**2/2 - 16*h - 1. Let y be n(-12). Calculate the highest common factor of y and 28.
28
Let g = -92 - -139. Let o = 61 - g. What is the greatest common factor of o and 7?
7
Let r be 6 + 0*(-1)/(-2). Suppose 21 = 3*i - 0. Suppose i*p - 48 = r*p. Calculate the greatest common factor of p and 6.
6
Let c = -6 + 2. Let y be (-4)/(-16) + (-159)/c. Let u = -13 + y. What is the highest common factor of 135 and u?
27
Let p(d) be the second derivative of 3*d**5/5 - d**4/6 + d**2/2 + d. Let b be p(-1). Let i = 20 - b. What is the highest common divisor of i and 22?
11
Suppose 0 = -h + 3*t + 25, -5*h + 3*h = -2*t - 42. Let k = 29 - h. What is the greatest common divisor of k and 40?
10
Let u be (-440)/6*(-96)/5. What is the highest common factor of 44 and u?
44
Let o be (6/18)/(305/75 + -4). What is the highest common factor of 65 and o?
5
Let t be 10/1 + -3 + -1. Let s(p) = p**3 - 6*p**2. Let k be s(t). Let w be k - 1/(2/(-22)). Calculate the highest common divisor of 99 and w.
11
Let r be (-5 + 4)*(-10)/2. Let c(s) = s**2 + 7*s + 1. Let f be c(-7). Calculate the greatest common factor of f and r.
1
Suppose 0 = -5*t + 3079 + 41. What is the greatest common factor of t and 120?
24
Let y = -17 + 16. Let q(g) = -130*g - 2. Let l be q(y). Calculate the greatest common divisor of l and 16.
16
Let n(i) = i**2 - 15*i + 16. Let m be n(14). Suppose 5*v = g, -m*v + 84 = 4*g - v. Let j = 5 + 0. Calculate the greatest common divisor of g and j.
5
Suppose 2*c + 40 = 4*q - 156, 0 = -3*c + 18. Let o be (-2 + 8)*1 + -2. What is the greatest common factor of q and o?
4
Let m be 3/(-9)*-73*3. Suppose -3*l = -2*n - 0*n - 87, 0 = -2*n + 4*l - 84. Let i = m + n. What is the highest common divisor of i and 175?
25
Let z = -7 + 16. Suppose l + 38 + 23 = 0. Let g = -25 - l. Calculate the highest common divisor of g and z.
9
Let v be 0*((-6)/4 - -1). Suppose -2*y + 3*l + 149 = v, 3*y - 271 = -l - 64. Suppose -128*o + 514 = -83*o + 64. What is the highest common divisor of o and y?
10
Suppose 8*u - 6*u + 14 = 0. Let l(b) = -b**3 - 7*b**2 - 3*b - 1. Let j be l(u). What is the highest common divisor of 50 and j?
10
Let y(b) = b - 7. Let r be y(10). Suppose -24 = r*m - 6*m. Calculate the greatest common divisor of m and 40.
8
Let x(w) = 2*w**3 + 2*w**2 - 25*w - 5. Let h be x(4). Calculate the greatest common factor of h and 209.
11
Let i be (0*(-1)/2)/(-1). Suppose 2*l - 5*l + 24 = i. Let z be (-230)/(-35) + l/(-14). Calculate the highest common factor of 18 and z.
6
Let o = 202 - 103. Calculate the greatest common factor of 55 and o.
11
Suppose 2*p - 128 = -2*r, -5*r - 96 - 264 = -5*p. What is the greatest common divisor of 4 and p?
4
Let n = -1152 + 1254. Calculate the highest common factor of 2550 and n.
102
Let a = 98 - 47. Calculate the greatest common factor of 425 and a.
17
Suppose 4*w = w - 2*v - 7, 2*w = 3*v + 17. Let m be ((-5)/10)/(w/(-34)). Suppose -62 = 5*g - 402. What is the greatest common divisor of m and g?
17
Let n(u) = -u**2 - 24*u - 87. Let m be n(-14). Calculate the highest common factor of 265 and m.
53
Let l = 408 - 144. Calculate the highest common divisor of l and 198.
66
Suppose 2*h = 6, h = -2*x - 2*h + 81. Suppose -2*d + 26 = -118. Calculate the greatest common factor of d and x.
36
Let g = 416 + -415. Let i(z) = -5*z + 2. Let r(d) = -5*d + 1. Let w(c) = -4*i(c) + 5*r(c). Let k be w(-2). What is the highest common divisor of k and g?
1
Let m be (-2 + (-20)/(-6))/(6/729). Suppose -2*l + 2 = -0. Suppose v - l = 17. What is the highest common factor of m and v?
18
Suppose 0 = -2*y - 3*j + 624, -3*j = -0*y + 4*y - 1254. What is the highest common factor of y and 225?
45
Suppose -4*u = 20, -4*v + 16 = -u + 3. Let z = -166 - -169. Suppose -5*d + 28 = -0*r + 4*r, 16 = z*d + v*r. Calculate the greatest common divisor of 28 and d.
4
Let g(p) = 714*p**2 - p + 2. Let k(z) = -z**2 - z + 4. Let b be k(-3). Let f be g(b). Let c be f/39*12/5. Calculate the highest common divisor of c and 16.
16
Let w be (-20)/130 + 2*30/52. Suppose -2*u + 0*u = -14. What is the greatest common divisor of u and w?
1
Let z = 213 + -178. Suppose 2*u + u - 15 = 0. Calculate the highest common divisor of u and z.
5
Suppose 3*k = -3*n - n + 163, 3*n - 117 = 3*k. Calculate the greatest common factor of 4 and n.
4
Suppose 12*s - s = 44. Let y be ((-187)/(-34))/(1/s). What is the highest common factor of 55 and y?
11
Let y be 45/18*36/(-10). Let a = y - -9. Suppose a = -2*j + 5*v + 64, -3*j + j + v + 48 = 0. What is the greatest common factor of 44 and j?
22
Suppose -299 - 241 = -9*h. Calculate the highest common divisor of 45 and h.
15
Let w be (-2 + 4 - 3)*(-7 + 4). Suppose -n - 6 = -4*i, 2*i = 5*n - w - 3. Calculate the highest common factor of 2 and i.
2
Let g(o) = -9*o**3 + 5*o**2 + 6*o + 1. Let j be g(-2). What is the highest common factor of 117 and j?
9
Let z = -12 - -21. Let r(h) = -8*h + 14. Let u be r(-8). Let i = u - 6. What is the highest common divisor of i and z?
9
Suppose 643*n = 649*n - 7050. What is the highest common divisor of 50 and n?
25
Let z = -157 - -301. Suppose -7*y + z = -24. What is the greatest common factor of 3 and y?
3
Let k(w) = w**2 - w + 8. Let h be k(5). What is the greatest common factor of h and 224?
28
Let t(s) = 51*s + 229. Let d be t(-3). What is the highest common divisor of d and 513?
19
Let d = -38 - -40. Suppose -2*y - 3*t + 37 = 0, d*y + 5*t + 45 = 4*y. Calculate the greatest common factor of y and 8.
4
Let c be (2 - 3 - 1)*(-20 + 9). Suppose h - 5*h = -44. What is the highest common factor of h and c?
11
Let j = -29 + 22. Let x be ((-8)/j)/((-20)/(-70)). Let i be 86/x - 2/4. What is the highest common divisor of i and 63?
21
Let y be (-1398)/(-14) + 10/70. What is the highest common factor of y and 160?
20
Let a be (-31)/1*(25 - 26). Suppose -4 = c - 5*l - a, 5*c = -4*l - 10. What is the highest common factor of c and 1?
1
Let n = 26 + -34. Let f be -9*(n/4 - 21). Calculate the highest common divisor of 23 and f.
23
Let t = 90 - -352. Calculate the highest common divisor of t and 52.
26
Suppose 245*p - 1935 = 230*p. What is the highest common factor of 172 and p?
43
Let j be (-2)/8 - ((-1220)/16 + -3). What is the greatest common factor of j and 869?
79
Let u = 171 + -101. Calculate the greatest common factor of 280 and u.
70
Let k(x) = -2*x**2 + 25*x + 36. Let b be k(12). What is the greatest common factor of b and 16?
16
Let n = 17 - -25. Let o = 9 - -9. Calculate the greatest common divisor of n and o.
6
Let r = 683 + -681. Suppose -4*k - d - 4*d + 113 = 0, 2*d = 3*k - 56. What is the greatest common divisor of r and k?
2
Suppose -2*d + 3*d = 251. Suppose -d = -v - 53. Calculate the greatest common divisor of 22 and v.
22
Let u = 13 - 13. Let w be u + 0 - (-4 + 2). Calculate the greatest common factor of w and 32.
2
Let j = -11 + 13. Suppose b + b = j*x + 16, -22 = -4*b - x. Suppose 3*n - b*g + 2*g - 12 = 0, 25 = 2*n + 3*g. Calculate the highest common divisor of n and 88.
8
Let v be (22/(-4))/(231/(-56) - -4). Suppose -2*t - 4*r + 78 = -t, 0 = -4*t - 2*r + 270. What is the highest common factor of v and t?
22
Let s(w) = 3*w**3 + 4*w**2 + 3*w + 6. Let l be s(-3). Let c = 18 + l. Let u = c - -63. What is the greatest common divisor of u and 22?
11
Suppose 0 = f - 4 + 64. Let u = 136 + f. Calculate the highest common factor of u and 19.
19
Let s(t) = -t**3 + 5*t**2 + 7*t - 12. Let h be s(6). Let m be (1062/(-15))/(h/20). Let g = -93 + m. What is the highest common factor of g and 13?
13
Let h